 - 5. Let l(o) be the first derivative of o**4/2 + o**3/3 - o**2/2 + 1. Give l(s).
2
Let j(d) be the second derivative of 3/2*d**2 + 0 - 1/12*d**4 - 3*d - 1/3*d**3. Let s = -4 - -6. Give j(s).
-5
Let h(b) be the third derivative of -b**7/840 - b**6/180 + b**5/30 - b**4/24 + 2*b**3/3 + b**2. Let k(i) be the first derivative of h(i). Calculate k(-3).
-4
Let c = 0 + 1. Suppose -i - 3*h = -2*h + 3, -i - 3*h = 13. Let g(v) = v + 2 - 1 - v**2 - 6*v**3 - i*v. Give g(c).
-7
Let h(s) = -s**3. Suppose -2*o - 8 = -2*d, 2*o + 0 - 7 = -d. Let i be (0 + 1)*o + 0. What is h(i)?
-1
Let r(x) = -x. Let d = 27 + -21. What is r(d)?
-6
Let o(v) = v**2 + 5*v - 9. Let n(t) = -t**2 - 4*t + 8. Let c(a) = -4*n(a) - 3*o(a). Suppose -3*x + 0*x - 12 = 0. What is c(x)?
7
Let k(d) = d**3 + 4*d**2 + 5*d + 4. Suppose 0 = 4*h - 12, -q = -7*h + 4*h + 6. Let v be ((-9)/q - -3) + -3. Give k(v).
-2
Let p(v) = 4*v**2 - v - 1. Let l be -4*3/(-6) - 6. Let w be (4/(-3))/(l/(-12)). Let y = 3 + w. Calculate p(y).
4
Let k(y) = y - 9. Let w(h) = -h + 9. Let z(a) = -5*k(a) - 4*w(a). Calculate z(6).
3
Let d = 49 - 47. Let u(p) = 4*p - 9. Let n(o) = 3*o - 6. Let q(m) = -8*n(m) + 5*u(m). Determine q(d).
-5
Suppose 5*u + 2*r + 16 = 0, 9 = -16*u + 13*u - r. Let q(k) = -2 + 2*k**3 + 2*k**2 - 3*k - k**3 - k**2. Calculate q(u).
0
Suppose -g = -2*g. Suppose -4*o - o = g. Let l(t) = -5*t + 11. Let d(p) = -6*p + 12. Let f(m) = 6*d(m) - 7*l(m). Determine f(o).
-5
Let r(a) = -a - 2. Let s be r(-3). Let g = s + 1. Let v(o) = -2*o + 2. What is v(g)?
-2
Let u be (6/4)/(42/16 - 3). Let j(o) = 3*o + 2 - 2 - 1 + o**2. What is j(u)?
3
Let p(s) = s**3 - 3*s**2 - 4*s + 3. Let j be p(4). Let l(u) = u**2 - 2*u + 1 + u - 5 + 0*u**2. Let n be l(j). Let f(m) = m**3 - 2*m**2 + 3*m. Determine f(n).
6
Let u(i) = i**3 - 11*i**2 + 8*i + 11. Let k = -114 - -124. What is u(k)?
-9
Let w(p) = -p**3 - 2*p**2 + p + 4. Let o = -5 - -2. What is w(o)?
10
Suppose 4*h + 22 = -0*h + r, 0 = -4*h - 2*r - 28. Let s(j) = 2*j + 5. Give s(h).
-7
Let w(b) = b**3 + 3*b + 0*b**3 - 3*b**2 - 9 + 8. Let h(t) = -t - 4. Let m be h(-6). Give w(m).
1
Let j(a) = -a**2 + 1. Let t = 9 - 12. Let w = t + 0. What is j(w)?
-8
Let c(o) = o - 8. Let f = -16 + 9. Let t = f - -10. Suppose t*p + 12 = 5*p. Determine c(p).
-2
Let t(p) = 5*p**3 - 33*p**2 + 33*p - 31. Let l(a) = a**3 - 8*a**2 + 8*a - 8. Let c(r) = 9*l(r) - 2*t(r). Calculate c(-7).
-3
Let d(g) = -g**3 + 10*g**2 - 8*g - 11. Let v = -48 + 57. What is d(v)?
-2
Let h be (-2)/(-160)*(-32)/(-24). Let n(m) be the third derivative of -m**2 + 0 + 1/6*m**3 + h*m**5 + 0*m + 1/12*m**4. Calculate n(-1).
0
Let q(w) be the first derivative of -w**2/2 - 3*w + 34. What is q(-2)?
-1
Let q(u) = 2*u**2 - 17*u + 17. Let x(p) = p**2 - 8*p + 8. Let s(z) = 2*q(z) - 5*x(z). Let h be (-1 - -9)/(6/(-9)). Let v = -7 - h. Give s(v).
-1
Let k = 28 - 23. Let y(t) = -t**2 + 5*t - 2. Determine y(k).
-2
Let v = -6 + 0. Let j(c) = c**3 + 5*c**2 - 6*c + 7. Calculate j(v).
7
Let c(q) = -16*q**2 - 10*q - 6. Let w(f) = 3*f**2 + 2*f + 1. Let g(r) = -2*c(r) - 11*w(r). Give g(-6).
-23
Suppose -15 = 5*o - 5. Let m(d) = -d - 2. Let i be m(o). Suppose i = -5*g + 2*f + 15, -6*f + 2*f - 18 = 2*g. Let c(z) = 6*z**3 + 2*z - 1. What is c(g)?
7
Let i(h) = -h**3 - 6*h**2 + 6*h - 1. Let k be i(-7). Let n = k + -8. Let y(p) = -2*p + 1. Give y(n).
5
Let d(o) = o**2 - 5*o + 5. Let q be d(5). Let b(s) be the second derivative of -s**3/6 + 3*s**2 - 19*s. Determine b(q).
1
Let r(v) be the first derivative of 2*v**3/3 - 3*v**2/2 + 3. Let f be 3/6 - 6/(-4). Let y be r(f). Let p(k) = -5*k + 2. What is p(y)?
-8
Let w be ((-3)/3)/((-2)/(-2)). Let t(f) = -2*f**2 + 6*f - 1. Suppose 4 = 2*b + 10. Let c(m) = m**2 + 1. Let a(j) = b*c(j) + w*t(j). Give a(-4).
6
Suppose -5*n = 6*c - 2*c - 41, -4*c = 4*n - 36. Let a(p) be the first derivative of -p**4/4 + p**3 + 2*p**2 - p - 1. What is a(c)?
-1
Suppose 4*h - 5 = -1. Let q(a) = -9*a**3 - 2*a**2 + a. Determine q(h).
-10
Let h(l) = -l**3 - 4*l**2 + 6*l - 1. Let t(u) be the second derivative of u**3/3 + 7*u**2/2 + u. Let n be t(-6). Give h(n).
-6
Let x = 10 - 4. Let z(c) = 1 + 19*c - 18*c + 1. What is z(x)?
8
Let c = 8 - 12. Let g(i) be the third derivative of 0*i + 1/24*i**4 + 2*i**2 + 0 + 7/6*i**3. Determine g(c).
3
Suppose 0*s = 3*s + d - 14, 2*s + 4*d + 4 = 0. Let q(a) = a**3 - 5*a**2 - 8*a + 7. Give q(s).
-5
Let f(z) be the third derivative of -1/6*z**3 - z**2 + 1/8*z**4 + 0 + 0*z - 1/30*z**5 + 1/120*z**6. What is f(2)?
5
Let i(w) = -3*w**3 - w**2 - 2. Let x(m) = -m**3 - 6*m**2 + m + 4. Let p be x(-6). Give i(p).
18
Let h(i) be the second derivative of -i**3/2 - 3*i**2/2 - 7*i. Give h(-2).
3
Suppose 0 = 2*n - 22. Let g(m) = m + 13 - n - 2. Suppose z + 3*z = 0. What is g(z)?
0
Let j = -158/3 - -53. Let h(d) be the second derivative of -j*d**4 - 1/2*d**2 - 2*d + 0 + 5/6*d**3 - 1/20*d**5. What is h(-5)?
-1
Let q(f) = f. Let v(r) = -5*r + 2. Let a(m) = 4*q(m) + v(m). Let h = 1 - 7. Let l = -11 - h. Give a(l).
7
Let n(u) = -3*u + 4. Let l = -3 + 13. Let d be l*3/((-15)/(-2)). Determine n(d).
-8
Let h = 22 + -14. Let o = h + -11. Let m(y) = -y + 2. Calculate m(o).
5
Let n(y) = y**2. Suppose w - 4*v + 16 = -3*w, 0 = -2*w - 4*v + 10. Calculate n(w).
1
Let k(u) = u - 7. Suppose -2*t = -2 + 4. Let l = t - -2. Let z be l + (0 - -2) + 1. Determine k(z).
-3
Let q = -21 - -40. Let s be 2/(-7) + q/(-7). Let b(j) = 3*j + 4 - 3 + 1. Calculate b(s).
-7
Let g be (7/(-35))/((-2)/10). Let c = g + 1. Suppose 4 = 4*j - 4*f, c*j - 5*f - 7 = -2*j. Let p(o) = 2*o - 2. What is p(j)?
-6
Let k(h) = -11*h - 5. Let f(t) = 1. Let v(w) = 4*f(w) + k(w). Suppose y + 2*y = -3. Calculate v(y).
10
Let b be (0 - 3)/(1 - 0). Let p(u) = 8*u + 12*u**2 - 2*u**2 - 7 + u**2. Let l(i) = 5*i**2 + 4*i - 3. Let v(h) = 7*l(h) - 3*p(h). Calculate v(b).
6
Suppose -2*j = 3*r - 25 + 6, -4*j + 2*r = 2. Let k(n) = -5*n**2 + n**j - 1 + 0 + n. Let m be (7/7)/((-2)/(-2)). What is k(m)?
-4
Suppose -2*z - 26 = 4*u, z - u + 8 = -2*u. Let v be (-4 - (2 + -4))/(-2). Let p(q) = q**2 + q - v - 2 + 0. What is p(z)?
3
Let y(m) = 3*m**3 + 15*m**2 - 6*m. Let k(p) = -p**3 - 7*p**2 + 3*p. Let r(l) = 5*k(l) + 2*y(l). What is r(4)?
-4
Suppose 5*g - g - 13 = 5*i, 0 = 3*g - 4*i - 9. Let b(r) = r**3 - 8*r**2 + 5*r + 8. Determine b(g).
-6
Let n(c) = -3*c**3 - c**2 + 18*c + 20. Let l(t) = 2*t**3 + t**2 - 12*t - 13. Let w(i) = -8*l(i) - 5*n(i). Determine w(-4).
-4
Let v(d) = -d**2 + 8*d + 1. Let u(x) = -x**2 + 9*x. Let a(c) = -3*u(c) + 2*v(c). Let y be a(11). Let t(s) = s**3 - 2*s**2 - s. Give t(y).
-2
Let k(m) = 4*m + 1. Let o be 3 + 0 - 10/5. Determine k(o).
5
Let y be (-3)/(7 + -1)*-2. Let p be 1/(-1*y/(-2)). Let q be p/((-4)/(-2) - 1). Let h(s) = -s. Determine h(q).
-2
Let t(u) = 3*u + 5. Let g(m) = 2*m + 4. Let x(f) = -4*g(f) + 3*t(f). Calculate x(-5).
-6
Let t be ((-3)/(-6))/(1/(-10)). Let g(k) = k**2 + k + 1. Let r(y) = 3*y**2 - 2*y + 3. Let b(n) = -4*g(n) + r(n). Give b(t).
4
Let j(r) be the first derivative of 0*r**2 - r - 5/6*r**3 + 2. Let l(o) be the first derivative of j(o). Determine l(1).
-5
Let i be (1 + 1)*3/2. Suppose -4*j + j - i = 0. Let k(m) = 11*m + 2. Let x(n) = -16*n - 3. Let f(g) = 7*k(g) + 5*x(g). Calculate f(j).
2
Let v be (1 - -2)*(-5)/3. Let y(b) = -3*b**2 + 11*b + 3. Let f(p) = p**2 - 2*p - 1. Let k(t) = -4*f(t) - y(t). Determine k(v).
-9
Suppose 2*a + 10 = -0*a. Let u(b) = 2*b + 7. Calculate u(a).
-3
Let a(p) be the first derivative of p**4/4 + 7. Let u = 4 + -6. Calculate a(u).
-8
Let y(n) = -n**2 - 4*n. Let r(b) = b**2 + 3*b. Let f(m) = -3*r(m) - 2*y(m). Let l(c) = -c**2 + c**2 - 5*c**2 + 5. Let j(d) = -4*f(d) + l(d). Give j(5).
0
Let t(u) be the second derivative of u**3/3 - 3*u**2 - 2*u. Suppose 5*a + 0 - 21 = m, 2*a - 4*m = -6. Give t(a).
4
Let z(s) be the first derivative of 0*s - 1/24*s**4 + 1 - 1/120*s**5 + 0*s**2 + 4/3*s**3. Let y(w) be the third derivative of z(w). Give y(-6).
5
Let l = -23 + 23. Let c(d) be the second derivative of l*d**2 - 2*d + 1/6*d**3 + 0. What is c(3)?
3
Let k(l) be the second derivative of -l**5/10 - l**4/3 + l**3/3 + 2*l**2 + 8*l. Determine k(-3).
16
Suppose 22 = 5*h - 2*g - 2, 30 = 4*h + 2*g. Let z(s) = s - 8. Give z(h).
-2
Suppose -120 - 96 = -4*m. Let o(j) = j**3 + j**2 + m + 3*j**2 - 7*j - 61. Calculate o(-5).
3
Let x = 20 